nd 15302?
14
Calculate the highest common divisor of 1175 and 1800.
25
What is the highest common factor of 247 and 43225?
247
What is the highest common factor of 608 and 1345808?
304
What is the greatest common divisor of 29394 and 4554?
414
What is the greatest common divisor of 34 and 897532?
34
Calculate the greatest common divisor of 76 and 132088.
76
What is the highest common factor of 2219516 and 156?
52
Calculate the highest common factor of 6092632 and 56.
56
What is the greatest common factor of 93 and 59954?
31
Calculate the greatest common factor of 5640 and 311140.
940
What is the highest common factor of 2255 and 21730?
205
What is the highest common divisor of 90306 and 24534?
522
What is the greatest common divisor of 945 and 1590?
15
Calculate the greatest common factor of 2069200 and 20.
20
Calculate the greatest common factor of 2870 and 18040.
410
Calculate the highest common divisor of 12 and 178884.
12
What is the highest common divisor of 1765018 and 632?
158
What is the highest common factor of 65310 and 60?
30
What is the highest common factor of 76923 and 4725?
189
Calculate the greatest common divisor of 48490 and 442.
26
What is the greatest common divisor of 25 and 87845?
5
What is the greatest common divisor of 3525 and 210795?
705
What is the greatest common divisor of 222 and 115144?
74
Calculate the highest common factor of 29889 and 205.
41
Calculate the highest common factor of 18 and 43878.
6
What is the greatest common factor of 591960 and 90?
30
Calculate the greatest common factor of 4307 and 4720.
59
Calculate the greatest common factor of 61 and 1112762.
61
Calculate the greatest common divisor of 13871 and 3432.
143
What is the greatest common factor of 84 and 1066422?
42
What is the greatest common divisor of 287 and 5125?
41
What is the greatest common factor of 456210 and 20?
10
Calculate the highest common factor of 222054 and 68.
34
What is the highest common factor of 1521644 and 628?
628
Calculate the greatest common divisor of 358 and 3928871.
179
What is the highest common divisor of 3871 and 114234?
79
Calculate the greatest common factor of 15192 and 288.
72
What is the highest common factor of 15 and 581865?
15
What is the greatest common divisor of 178386 and 91?
13
What is the highest common divisor of 235936 and 26864?
1168
Calculate the greatest common factor of 8 and 13835.
1
Calculate the highest common factor of 429457 and 133.
133
What is the highest common factor of 356 and 9434?
178
What is the highest common divisor of 19355 and 25235?
245
What is the greatest common divisor of 231192 and 33?
3
What is the greatest common factor of 144650 and 73700?
550
What is the greatest common divisor of 97474 and 23?
23
What is the greatest common factor of 383 and 4959850?
383
Calculate the greatest common divisor of 1014 and 3044366.
338
What is the highest common divisor of 8122 and 14148?
262
Calculate the highest common divisor of 161 and 1819461.
161
Calculate the greatest common factor of 7320 and 1891.
61
What is the highest common divisor of 3975 and 2226?
159
Calculate the greatest common divisor of 196 and 40866.
98
Calculate the highest common factor of 64310 and 1180.
590
What is the greatest common divisor of 120 and 7497960?
120
Calculate the highest common divisor of 16525 and 50.
25
What is the greatest common factor of 8158269 and 21?
21
What is the highest common factor of 40683 and 5730?
573
Calculate the greatest common divisor of 796 and 198602.
398
Calculate the greatest common divisor of 349451 and 146.
73
Calculate the greatest common divisor of 169708 and 385.
77
Calculate the highest common factor of 49 and 223426.
7
Calculate the highest common divisor of 54 and 1338741.
27
Calculate the highest common divisor of 345 and 455055.
345
Calculate the highest common factor of 51093 and 189.
63
Calculate the greatest common divisor of 21424 and 6448.
208
Calculate the highest common divisor of 22608 and 80.
16
Calculate the highest common divisor of 111 and 2127.
3
Calculate the greatest common factor of 81 and 684261.
27
Calculate the highest common factor of 1676797 and 107.
107
Calculate the highest common divisor of 1810 and 7790.
10
What is the greatest common factor of 15494 and 72390?
254
Calculate the highest common factor of 10 and 351590.
10
Calculate the greatest common divisor of 23793 and 616.
77
What is the greatest common factor of 1066272 and 928?
928
What is the greatest common factor of 34181 and 49?
7
What is the highest common divisor of 316576 and 728?
104
Calculate the highest common factor of 119663 and 34.
17
What is the greatest common divisor of 30418 and 603?
67
Calculate the highest common divisor of 15 and 413085.
15
What is the greatest common divisor of 640 and 1873024?
128
What is the greatest common factor of 329 and 423?
47
Calculate the greatest common divisor of 45752 and 464744.
2408
Calculate the greatest common factor of 3630 and 122694.
726
Calculate the highest common factor of 21 and 553.
7
What is the greatest common factor of 6214 and 7930?
26
Calculate the greatest common factor of 1344421 and 741.
247
Calculate the highest common factor of 358914 and 246.
246
Calculate the highest common divisor of 4137 and 10835.
197
Calculate the highest common divisor of 469270 and 35070.
1670
What is the highest common divisor of 48126 and 78?
78
Calculate the highest common divisor of 975 and 918775.
325
What is the highest common factor of 380 and 89630?
10
What is the highest common divisor of 15435 and 315?
315
Calculate the highest common divisor of 122 and 923723.
61
Calculate the greatest common factor of 3069 and 17667.
9
Calculate the highest common factor of 477166 and 3897.
433
What is the highest common divisor of 459 and 3348?
27
What is the highest common divisor of 8422 and 38?
2
Calculate the highest common factor of 568140 and 68.
68
Calculate the highest common divisor of 10008 and 973.
139
Calculate the greatest common factor of 45 and 281760.
15
Calculate the greatest common divisor of 793237 and 2465.
493
Calculate the highest common factor of 840 and 1867992.
168
Calculate the greatest common divisor of 416 and 110384.
16
Calculate the highest common divisor of 2010682 and 122.
122
What is the highest common factor of 5590 and 3526?
86
Calculate the highest common factor of 1342 and 2134.
22
What is the highest common divisor of 18196218 and 633?
633
Calculate the greatest common factor of 1729807 and 46.
23
What is the highest common divisor of 280800 and 260?
260
Calculate the greatest common factor of 1824 and 3840.
96
What is the greatest common divisor of 1868 and 16?
4
What is the highest common factor of 6328392 and 4865?
973
What is the greatest common divisor of 59934 and 20?
2
What is the highest common divisor of 5049 and 60291?
297
Calculate the greatest common factor of 1596 and 816.
12
Calculate the greatest common divisor of 558 and 270134.
62
What is the highest common divisor of 425 and 15631075?
425
Calculate the greatest common factor of 36 and 62019.
9
Calculate the highest common divisor of 247 and 33421.
19
Calculate the highest common factor of 485226 and 280.
14
Calculate the highest common factor of 488 and 91439.
61
Calculate the highest common factor of 496 and 3600.
16
Calculate the greatest common divisor of 20625 and 3960.
165
What is the greatest common divisor of 8361 and 923426?
929
Calculate the highest common divisor of 1000 and 39800.
200
What is the greatest common divisor of 5790897 and 34?
17
What is the greatest common divisor of 11 and 68343?
11
Calculate the greatest common factor of 13851 and 285.
57
What is the greatest common factor of 20544 and 66982?
214
What is the highest common divisor of 142621 and 1651?
127
What is the highest common divisor of 9514 and 2546?
134
What is the highest common divisor of 677892 and 204?
204
What is the highest common divisor of 234 and 144?
18
What is the highest common factor of 29157 and 3?
3
What is the greatest common factor of 9074 and 2808?
26
Calculate the highest common divisor of 17 and 3087353.
17
What is the greatest common factor of 19698 and 23226?
294
Calculate the greatest common factor of 34 and 17408.
34
What is